{"id":3,"date":"2022-02-04T18:53:21","date_gmt":"2022-02-04T18:53:21","guid":{"rendered":"https:\/\/itschner.swiss\/?page_id=3"},"modified":"2022-02-13T10:35:04","modified_gmt":"2022-02-13T10:35:04","slug":"privacy-policy","status":"publish","type":"page","link":"https:\/\/itschner.swiss\/?page_id=3","title":{"rendered":"Impressum"},"content":{"rendered":"\n<p><strong><em>Kontakt-Adresse<\/em><\/strong><\/p>\n\n\n\n<p>itschner connect AG<br>Im Str\u00e4ler 25<br>8047 Z\u00fcrich<br>Schweiz<\/p>\n\n\n\n<p>E-Mail:<br>info@itschner.swiss<\/p>\n\n\n\n<p><strong><em>Vertretungsberechtigte Person(en)<\/em><\/strong><\/p>\n\n\n\n<p>Roland Itschner<\/p>\n\n\n\n<p><strong><em>Handelsregister-Eintrag<\/em><\/strong><\/p>\n\n\n\n<p>Eingetragener Firmenname:<br><strong>itschner connect AG<\/strong><\/p>\n\n\n\n<p>Unternehmens-Nr (UID):<br><strong>CHE-337.866.662<\/strong><\/p>\n\n\n\n<p>Mehrwertsteuer-Nummer<br><strong>CHE-337.866.662 MWST<\/strong><br><br><\/p>\n\n\n\n<p><strong><em>Haftungsausschluss<\/em><\/strong><\/p>\n\n\n\n<p>Der Autor \u00fcbernimmt keinerlei Gew\u00e4hr hinsichtlich der inhaltlichen Richtigkeit, Genauigkeit, Aktualit\u00e4t, Zuverl\u00e4ssigkeit und Vollst\u00e4ndigkeit der Informationen.<\/p>\n\n\n\n<p>Haftungsanspr\u00fcche gegen den Autor wegen Sch\u00e4den materieller oder immaterieller Art, welche aus dem Zugriff oder der Nutzung bzw. Nichtnutzung der ver\u00f6ffentlichten Informationen, durch Missbrauch der Verbindung oder durch technische St\u00f6rungen entstanden sind, werden ausgeschlossen.<\/p>\n\n\n\n<p>Alle Angebote sind unverbindlich. Der Autor beh\u00e4lt es sich ausdr\u00fccklich vor, Teile der Seiten oder das gesamte Angebot ohne besondere Ank\u00fcndigung zu ver\u00e4ndern, zu erg\u00e4nzen, zu l\u00f6schen oder die Ver\u00f6ffentlichung zeitweise oder endg\u00fcltig einzustellen.<\/p>\n\n\n\n<p><strong><em>Haftungsausschluss f\u00fcr Links<\/em><\/strong><\/p>\n\n\n\n<p>Verweise und Links auf Webseiten Dritter liegen ausserhalb unseres Verantwortungsbereichs. Es wird jegliche Verantwortung f\u00fcr solche Webseiten abgelehnt. Der Zugriff und die Nutzung solcher Webseiten erfolgen auf eigene Gefahr des jeweiligen Nutzers.<\/p>\n\n\n\n<p><strong><em>Urheberrechte<\/em><\/strong><\/p>\n\n\n\n<p>Die Urheber- und alle anderen Rechte an Inhalten, Bildern, Fotos oder anderen Dateien auf dieser Website, geh\u00f6ren ausschliesslich&nbsp;<strong>der Firma itschner connect AG<\/strong>&nbsp;oder den speziell genannten Rechteinhabern. F\u00fcr die Reproduktion jeglicher Elemente ist die schriftliche Zustimmung des Urheberrechtstr\u00e4gers im Voraus einzuholen.<\/p>\n\n\n\n<p>Quelle: <a href=\"https:\/\/www.swissanwalt.ch\/default.aspx\">SwissAnwalt<\/a><\/p>\n","protected":false},"excerpt":{"rendered":"<p>Kontakt-Adresse itschner connect AGIm Str\u00e4ler 258047 Z\u00fcrichSchweiz E-Mail:info@itschner.swiss Vertretungsberechtigte Person(en) Roland Itschner Handelsregister-Eintrag Eingetragener Firmenname:itschner connect AG Unternehmens-Nr (UID):CHE-337.866.662 Mehrwertsteuer-NummerCHE-337.866.662 MWST Haftungsausschluss Der Autor \u00fcbernimmt [&hellip;]<\/p>\n","protected":false},"author":1,"featured_media":0,"parent":0,"menu_order":0,"comment_status":"closed","ping_status":"open","template":"","meta":{"footnotes":""},"class_list":["post-3","page","type-page","status-publish","hentry"],"yoast_head":"<!-- This site is optimized with the Yoast SEO plugin v27.4 - https:\/\/yoast.com\/product\/yoast-seo-wordpress\/ -->\n<title>Impressum - itschner connect AG<\/title>\n<meta name=\"robots\" content=\"index, follow, max-snippet:-1, max-image-preview:large, max-video-preview:-1\" \/>\n<link rel=\"canonical\" href=\"https:\/\/itschner.swiss\/?page_id=3\" \/>\n<meta property=\"og:locale\" content=\"de_DE\" \/>\n<meta property=\"og:type\" content=\"article\" \/>\n<meta property=\"og:title\" content=\"Impressum - itschner connect AG\" \/>\n<meta property=\"og:description\" content=\"Kontakt-Adresse itschner connect AGIm Str\u00e4ler 258047 Z\u00fcrichSchweiz E-Mail:info@itschner.swiss Vertretungsberechtigte Person(en) Roland Itschner Handelsregister-Eintrag Eingetragener Firmenname:itschner connect AG Unternehmens-Nr (UID):CHE-337.866.662 Mehrwertsteuer-NummerCHE-337.866.662 MWST Haftungsausschluss Der Autor \u00fcbernimmt [&hellip;]\" \/>\n<meta property=\"og:url\" content=\"https:\/\/itschner.swiss\/?page_id=3\" \/>\n<meta property=\"og:site_name\" content=\"itschner connect AG\" \/>\n<meta property=\"article:modified_time\" content=\"2022-02-13T10:35:04+00:00\" \/>\n<meta name=\"twitter:card\" content=\"summary_large_image\" \/>\n<meta name=\"twitter:label1\" content=\"Gesch\u00e4tzte Lesezeit\" \/>\n\t<meta name=\"twitter:data1\" content=\"2\u00a0Minuten\" \/>\n<script type=\"application\/ld+json\" class=\"yoast-schema-graph\">{\"@context\":\"https:\\\/\\\/schema.org\",\"@graph\":[{\"@type\":\"WebPage\",\"@id\":\"https:\\\/\\\/itschner.swiss\\\/?page_id=3\",\"url\":\"https:\\\/\\\/itschner.swiss\\\/?page_id=3\",\"name\":\"Impressum - itschner connect AG\",\"isPartOf\":{\"@id\":\"https:\\\/\\\/itschner.swiss\\\/#website\"},\"datePublished\":\"2022-02-04T18:53:21+00:00\",\"dateModified\":\"2022-02-13T10:35:04+00:00\",\"breadcrumb\":{\"@id\":\"https:\\\/\\\/itschner.swiss\\\/?page_id=3#breadcrumb\"},\"inLanguage\":\"de\",\"potentialAction\":[{\"@type\":\"ReadAction\",\"target\":[\"https:\\\/\\\/itschner.swiss\\\/?page_id=3\"]}]},{\"@type\":\"BreadcrumbList\",\"@id\":\"https:\\\/\\\/itschner.swiss\\\/?page_id=3#breadcrumb\",\"itemListElement\":[{\"@type\":\"ListItem\",\"position\":1,\"name\":\"Startseite\",\"item\":\"https:\\\/\\\/itschner.swiss\\\/\"},{\"@type\":\"ListItem\",\"position\":2,\"name\":\"Impressum\"}]},{\"@type\":\"WebSite\",\"@id\":\"https:\\\/\\\/itschner.swiss\\\/#website\",\"url\":\"https:\\\/\\\/itschner.swiss\\\/\",\"name\":\"itschner connect AG\",\"description\":\"Elektrischer Strom da wo du ihn brauchst\",\"potentialAction\":[{\"@type\":\"SearchAction\",\"target\":{\"@type\":\"EntryPoint\",\"urlTemplate\":\"https:\\\/\\\/itschner.swiss\\\/?s={search_term_string}\"},\"query-input\":{\"@type\":\"PropertyValueSpecification\",\"valueRequired\":true,\"valueName\":\"search_term_string\"}}],\"inLanguage\":\"de\"}]}<\/script>\n<!-- \/ Yoast SEO plugin. -->","yoast_head_json":{"title":"Impressum - itschner connect AG","robots":{"index":"index","follow":"follow","max-snippet":"max-snippet:-1","max-image-preview":"max-image-preview:large","max-video-preview":"max-video-preview:-1"},"canonical":"https:\/\/itschner.swiss\/?page_id=3","og_locale":"de_DE","og_type":"article","og_title":"Impressum - itschner connect AG","og_description":"Kontakt-Adresse itschner connect AGIm Str\u00e4ler 258047 Z\u00fcrichSchweiz E-Mail:info@itschner.swiss Vertretungsberechtigte Person(en) Roland Itschner Handelsregister-Eintrag Eingetragener Firmenname:itschner connect AG Unternehmens-Nr (UID):CHE-337.866.662 Mehrwertsteuer-NummerCHE-337.866.662 MWST Haftungsausschluss Der Autor \u00fcbernimmt [&hellip;]","og_url":"https:\/\/itschner.swiss\/?page_id=3","og_site_name":"itschner connect AG","article_modified_time":"2022-02-13T10:35:04+00:00","twitter_card":"summary_large_image","twitter_misc":{"Gesch\u00e4tzte Lesezeit":"2\u00a0Minuten"},"schema":{"@context":"https:\/\/schema.org","@graph":[{"@type":"WebPage","@id":"https:\/\/itschner.swiss\/?page_id=3","url":"https:\/\/itschner.swiss\/?page_id=3","name":"Impressum - itschner connect AG","isPartOf":{"@id":"https:\/\/itschner.swiss\/#website"},"datePublished":"2022-02-04T18:53:21+00:00","dateModified":"2022-02-13T10:35:04+00:00","breadcrumb":{"@id":"https:\/\/itschner.swiss\/?page_id=3#breadcrumb"},"inLanguage":"de","potentialAction":[{"@type":"ReadAction","target":["https:\/\/itschner.swiss\/?page_id=3"]}]},{"@type":"BreadcrumbList","@id":"https:\/\/itschner.swiss\/?page_id=3#breadcrumb","itemListElement":[{"@type":"ListItem","position":1,"name":"Startseite","item":"https:\/\/itschner.swiss\/"},{"@type":"ListItem","position":2,"name":"Impressum"}]},{"@type":"WebSite","@id":"https:\/\/itschner.swiss\/#website","url":"https:\/\/itschner.swiss\/","name":"itschner connect AG","description":"Elektrischer Strom da wo du ihn brauchst","potentialAction":[{"@type":"SearchAction","target":{"@type":"EntryPoint","urlTemplate":"https:\/\/itschner.swiss\/?s={search_term_string}"},"query-input":{"@type":"PropertyValueSpecification","valueRequired":true,"valueName":"search_term_string"}}],"inLanguage":"de"}]}},"jetpack_sharing_enabled":true,"_links":{"self":[{"href":"https:\/\/itschner.swiss\/index.php?rest_route=\/wp\/v2\/pages\/3","targetHints":{"allow":["GET"]}}],"collection":[{"href":"https:\/\/itschner.swiss\/index.php?rest_route=\/wp\/v2\/pages"}],"about":[{"href":"https:\/\/itschner.swiss\/index.php?rest_route=\/wp\/v2\/types\/page"}],"author":[{"embeddable":true,"href":"https:\/\/itschner.swiss\/index.php?rest_route=\/wp\/v2\/users\/1"}],"replies":[{"embeddable":true,"href":"https:\/\/itschner.swiss\/index.php?rest_route=%2Fwp%2Fv2%2Fcomments&post=3"}],"version-history":[{"count":4,"href":"https:\/\/itschner.swiss\/index.php?rest_route=\/wp\/v2\/pages\/3\/revisions"}],"predecessor-version":[{"id":37,"href":"https:\/\/itschner.swiss\/index.php?rest_route=\/wp\/v2\/pages\/3\/revisions\/37"}],"wp:attachment":[{"href":"https:\/\/itschner.swiss\/index.php?rest_route=%2Fwp%2Fv2%2Fmedia&parent=3"}],"curies":[{"name":"wp","href":"https:\/\/api.w.org\/{rel}","templated":true}]}}